3*g - 3*w = 2*g + 399, -2*g - 5*w = -776. What are the prime factors of g?
3, 131
What are the prime factors of (3 + -2)*5/((-10)/(-4))?
2
Let c = 25 - 17. Let j(z) = 4*z**2. Let x be j(1). Suppose -x*v + 24 = -c. What are the prime factors of v?
2
Let t(h) = -2*h - 3. Let g be t(-6). Suppose 4*j = 2*j + z - 15, 2*j + 5*z + g = 0. Let i = -1 - j. What are the prime factors of i?
2, 3
Let s be (-12)/(-6)*(-13)/(-2). Suppose 0 = h, f - 18 = 4*h + s. List the prime factors of f.
31
Suppose -31 = -5*v - 6. Suppose 0 = 5*c - 5*t + t - 121, 0 = -v*t - 20. Suppose 2*o + o - c = 0. What are the prime factors of o?
7
Suppose -2*s = 3*s - 405. What are the prime factors of s?
3
Suppose -3 = -y + 59. Let r = -27 + y. List the prime factors of r.
5, 7
Suppose -x + 691 - 222 = 5*v, -4*v = 3*x - 384. What are the prime factors of v?
3, 31
Let b(k) be the third derivative of -k**6/120 + k**5/5 - 11*k**4/24 + 2*k**3/3 + k**2. What are the prime factors of b(11)?
2
Let n = -14 + -19. Let g be n/(-1 - (-3 + 3)). Let j = -17 + g. List the prime factors of j.
2
Let v = 15 + -11. Suppose -2*z + 4 = d, -5*d - z - v = -3*z. Let k = 8 - d. What are the prime factors of k?
2
What are the prime factors of 4/(-10) - 4872/(-30)?
2, 3
Let w = 27 + -25. Suppose 17 = 3*i + 5. Suppose k + 4*x - 15 = 5*x, -48 = -i*k - w*x. List the prime factors of k.
13
Let l = 6 + -3. Suppose 3*a - 16 = 2*r + 8, -3*r = -l*a + 21. Suppose 0 = h - a + 3. List the prime factors of h.
7
Suppose 4*u - 4 = 2*u - 4*l, 2*u = -5*l - 1. List the prime factors of u.
2, 3
Suppose -4*l = 4*t, 4*l - t - 9 = 4*t. Let p = 40 + l. List the prime factors of p.
41
Suppose c = -u - 2, -4 = -3*c + 3*u + 2. Suppose 4*w - 25 + 1 = -k, c = k + 4. What are the prime factors of w?
7
List the prime factors of 3404/12 + (-8)/(-6).
3, 5, 19
Let c(o) = 3*o**2 - 5*o - 1. Let v be -3*((-2)/6 + -1). What are the prime factors of c(v)?
3
Suppose 0 = -2*v + 3*a + 90, 49 + 41 = 2*v + 2*a. What are the prime factors of v?
3, 5
Let q = -14 + 25. Let a = -7 + q. Suppose 0 = 3*l + 6, -a*k = -4*l + 13 - 45. What are the prime factors of k?
2, 3
Suppose 2*p - 424 = -6*p. List the prime factors of p.
53
Suppose b + 2*b - 22 = 2*l, -5*l = -b + 29. Suppose 0 = -b*c - 0*c. Suppose 10 = -c*g + 2*g. List the prime factors of g.
5
Suppose -y + 8*y - 434 = 0. What are the prime factors of y?
2, 31
Let c be 4/16 - (-30)/8. Let h(m) = 3*m - 9. What are the prime factors of h(c)?
3
Let l(y) = y**3 + 3*y**2 - 4*y + 1. Let i be l(-4). Let k be i + -2 + 2 + -3. What are the prime factors of (k/(-6))/(1/12)?
2
Let i = 21 + -11. List the prime factors of 0 + i - (-1 + -1).
2, 3
Let d(r) = r - 1. Let x be d(4). Let u be ((-3)/(-9))/((-1)/x). Let m = 10 + u. List the prime factors of m.
3
Let s = -38 - -189. List the prime factors of s.
151
Let j = -66 + 111. What are the prime factors of j?
3, 5
Suppose 4*h - 5*o + 11 - 2 = 0, 3*o - 3 = 3*h. Let b(q) = -q**3 + 4*q**2 + 5*q - 5. List the prime factors of b(h).
3, 5
Suppose -l - 2 = 0, 0 = -0*u - 2*u + 4*l + 8. Let j = u - -5. Suppose -30 = -j*k - 5. What are the prime factors of k?
5
Suppose 5*j - 10 = 0, -4*u + 3*j - 27 = 15. Suppose -g = -s - 1 - 9, -5*g + s + 62 = 0. Let c = g + u. What are the prime factors of c?
2
Suppose 2*s + 3 = 1. What are the prime factors of 12/(-6) - (-41 + s)?
2, 5
Let a = 8 - 18. Let f be (2 + a/6)*3. What are the prime factors of (-156)/(-6)*f/2?
13
Let h(o) = o + 8. Let q be (-6)/(-21) + 313/7. Suppose a + 3*f - 3 = 0, -4*f + q = -5*a + f. What are the prime factors of h(a)?
2
Let n(y) = 9*y - 7. Let d be n(4). Let j be (-1)/2*2 + -19. Let g = d + j. What are the prime factors of g?
3
List the prime factors of (-1)/(-1)*(0 - -61) - 0.
61
Let j be 13/(-3) - 7/(-21). Let c(k) = k**2 - 5*k - 5. What are the prime factors of c(j)?
31
Let p(a) = -a**3 - 2*a**2 + 2*a + 146. List the prime factors of p(0).
2, 73
Suppose 2*v = -3*m + 3, -v - 2*v = -2*m - 24. Let o be (-2 - -8)*(-2)/(-4). Suppose v = j - o. List the prime factors of j.
3
Let p be (-3 + 6)*1*-7. Let a = -14 - p. List the prime factors of a.
7
Let h(s) = -3*s - 2. Let u be (4/(-5))/((-2)/(-10)). List the prime factors of h(u).
2, 5
Let n(f) = -12*f**3 - 4*f**2 - 2*f + 1. Let z be n(-2). Suppose -6*g = -3*g - 2*t - z, -4*t + 46 = 2*g. List the prime factors of g.
3
Let d = -2 - -7. Let t = 17 + d. List the prime factors of t.
2, 11
Suppose 3*m - 51 = 2*o - 5*o, -3*m = 2*o - 50. List the prime factors of m.
2
Let p(d) = -3*d**2 - 5*d - 4. Let l(j) = -j**2 + j + 1. Let q(g) = -4*l(g) - p(g). Let o be q(-1). Let a = o + 6. List the prime factors of a.
2, 3
Suppose -3*i + w - 5 = 0, w + 3*w = 20. Suppose -50 = -2*g - i. What are the prime factors of g?
5
Let q = 98 - 13. What are the prime factors of q?
5, 17
Let w(c) = -c**3 - 14*c**2 + 9*c - 28. List the prime factors of w(-15).
2, 31
Let b(j) = 29*j**2 + 2*j - 2. Let p be b(1). Suppose 2*d - 41 = p. What are the prime factors of d?
5, 7
Let w(g) = g**3 - 14*g**2 + g + 4. What are the prime factors of w(14)?
2, 3
Let y(n) = -8*n - 8. Let g be y(7). What are the prime factors of (g/(-24))/(1/3)?
2
Let m be -2 - (-2)/4*6. Let s be ((-2)/2 - 20) + m. Let v = s + 28. List the prime factors of v.
2
Suppose -5*m = -21 + 1. Suppose 0 = -4*b + a - 135, -2*b + 7*b - m*a = -177. What are the prime factors of b/(-5) - 4/(-10)?
7
Let w = -2 + -3. Let d(j) = j**2 - j + 2. Let p be d(0). What are the prime factors of p/w - (-114)/10?
11
List the prime factors of (90/12)/(2/84 + 0).
3, 5, 7
Let n(w) be the first derivative of w**2/2 - 8*w + 2. Let i(a) = 3*a - 23. Let l(p) = 2*i(p) - 7*n(p). What are the prime factors of l(8)?
2
Suppose 8 = u - g, 3*u - 4*u - 5*g - 4 = 0. What are the prime factors of u?
2, 3
Suppose 2*x - 3*q - 63 = 0, 0 = 3*x + 2*x + 5*q - 95. Suppose -3*p - 34 = -5*i + x, -5*p + 50 = 5*i. What are the prime factors of i?
11
Let j(o) = o**3 - 4*o**2 - 3*o. Let i be j(5). Let g be i/(-4)*(-24)/15. Suppose -5*h - 37 = 2*d - 4*d, 0 = d + 5*h + g. List the prime factors of d.
11
Let s(d) be the first derivative of -3*d**2 - 8*d + 1. What are the prime factors of s(-4)?
2
Let n(z) = 3*z - 11. List the prime factors of n(9).
2
Let l = -6 + 23. Let n = l + -14. What are the prime factors of n?
3
Suppose -a = -t + 30, 2*t = 6*t - 3*a - 122. List the prime factors of t.
2
Let m(u) = 4*u + 3. Let o(r) = 5*r + 2. Let x(w) = 6*m(w) - 5*o(w). Let s be x(6). Suppose s*k - k = -4*a + 48, 0 = 2*a - 2*k - 24. List the prime factors of a.
2, 3
Let q(s) = -114*s + 1. Let l be q(-1). Suppose n - l = -4*n. Suppose -2*i - 5*u = -n, -4*u = -4*i + u + 1. What are the prime factors of i?
2
List the prime factors of 1/(-3)*-3*21.
3, 7
Suppose -4*n + 2*n = 46. Let h = 56 + n. What are the prime factors of h?
3, 11
Let q(c) = -2*c**3 + 3*c**3 + c - c**2 + 2*c**2. List the prime factors of q(2).
2, 7
Let f(l) = l**2 - 2*l - 6. Let v be f(-7). Suppose 2*p = -11 + v. List the prime factors of p.
23
Let w be (-10)/(-6)*6/2. Suppose 3*o + 4 - 30 = -2*f, w*o + 3*f = 42. What are the prime factors of o?
2, 3
Suppose -3*x - 3*u + 181 + 125 = 0, 3*x = 4*u + 299. Let q = 47 - x. What are the prime factors of 1/(-4) - q/24?
2
Let d(h) = -h**2 + 11*h + 11. Let u be d(9). Let j = u - 5. What are the prime factors of j?
2, 3
Suppose -5*u + 31 = 3*p, 0 = -0*u + 3*u - 4*p - 36. Let d = -6 + u. Suppose -d*j - 3*j + 2*s = -19, -2*j - 4*s = -22. What are the prime factors of j?
5
Let m be 2/(-8) - 104/(-32). Let k = m + 2. List the prime factors of k.
5
Let m = 14 - 23. What are the prime factors of -1 + 0 - m - -3?
11
Suppose -19 = 2*d - 105. What are the prime factors of d?
43
Let f be (0 + -1)/(2/2). List the prime factors of ((-3)/(-2) + f)*28.
2, 7
Let v(x) = x**3 - 14*x**2 - 10*x - 14. What are the prime factors of v(15)?
61
Let y = -9 + 8. What are the prime factors of (-16)/20*y*10?
2
Let o(n) = 19*n - 1. List the prime factors of o(4).
3, 5
Let p = 17 - 6. What are the prime factors of p?
11
Let n(r) be the first derivative of -r**2/2 + 8*r + 2. What are the prime factors of n(-6)?
2, 7
Let r(u) = -2*u. Suppose 2*w - 5*b + 1 + 6 = 0, -2*w = -3*b + 9. List the prime factors of r(w).
2, 3
Let f be (0 - (-9)/3) + 0. Suppose 3*m + 6 = 2*a, f*m + 1 = a - 2. List the prime factors of a*(-1)/((-9)/2